{"id":498,"date":"2012-08-27T19:09:54","date_gmt":"2012-08-27T19:09:54","guid":{"rendered":"http:\/\/portalroberiodeogum.com.br\/?page_id=498"},"modified":"2012-09-04T18:43:58","modified_gmt":"2012-09-04T18:43:58","slug":"mahatma-gandhi","status":"publish","type":"page","link":"http:\/\/portalroberiodeogum.com.br\/mc_2019\/index.php\/home\/idolos-2\/mahatma-gandhi\/","title":{"rendered":"Mahatma Gandhi"},"content":{"rendered":"<p><a href=\"http:\/\/portalroberiodeogum.com.br\/wp-content\/uploads\/2012\/08\/Mahatma-Gandhi.jpg\"><img fetchpriority=\"high\" decoding=\"async\" class=\"alignleft size-full wp-image-499\" title=\"Mahatma Gandhi\" src=\"http:\/\/portalroberiodeogum.com.br\/wp-content\/uploads\/2012\/08\/Mahatma-Gandhi.jpg\" alt=\"\" width=\"300\" height=\"404\" \/><\/a><\/p>\n<h2 align=\"justify\">Mohandas Gandhi<\/h2>\n<p>Mahatma Gandhi (1869-1948) foi l\u00edder pacifista indiano. Principal personalidade da independ\u00eancia da \u00cdndia, ent\u00e3o col\u00f4nia brit\u00e2nica. Ganhou destaque na luta contra os ingleses por meio de seu projeto de n\u00e3o-viol\u00eancia. Al\u00e9m de sua luta pela independ\u00eancia da \u00edndia, tamb\u00e9m ficou conhecido por seus pensamentos e sua filosofia. Recorria a jejuns, marchas e \u00e0 desobedi\u00eancia civil, ou seja, estimulava o n\u00e3o pagamento dos impostos e o boicote aos produtos ingleses.\u00a0As rivalidades entre hindus e mu\u00e7ulmanos retardaram o processo de independ\u00eancia. Com o in\u00edcio da Segunda Guerra Mundial, Gandhi voltou a lutar pela retirada imediata dos brit\u00e2nicos do seu pa\u00eds. S\u00f3 em 1947 os ingleses concederam a independ\u00eancia da \u00cdndia.<\/p>\n<p>Mahatma Gandhi (1869-1948) nasceu em Porbandar na \u00cdndia, no dia 2 de outubro. Seu nome verdadeiro era Mohandas Karamchand. Seu pai era um pol\u00edtico local. Como era costume Gandhi teve um casamento arranjado aos 13 anos de idade. Foi para Londres estudar Direito e em 1891 voltou ao seu pa\u00eds para exercer a profiss\u00e3o. Dois anos depois, vai para a \u00c1frica do Sul, tamb\u00e9m col\u00f4nia brit\u00e2nica, onde inicia um movimento pacifista.<\/p>\n<p>Terminada a primeira guerra mundial, a burguesia na \u00cdndia, desenvolveu forte movimento nacionalista, reunido no Partido do Congresso Nacional Indiano, tendo como l\u00edderes Mahatma Gandhi e Jawaharlal Nahru. O programa pregava a independ\u00eancia total da \u00cdndia, uma confedera\u00e7\u00e3o democr\u00e1tica, igualdade pol\u00edtica para todas as ra\u00e7as, religi\u00f5es e classes, reformas s\u00f3cio-econ\u00f4micas e administrativas e a moderniza\u00e7\u00e3o do Estado.<\/p>\n<p>Mahatma Gandhi destacou-se como principal personagem da luta pela independ\u00eancia indiana. Recorria a jejuns, marchas e a desobedi\u00eancia civil, incentivando o n\u00e3o pagamento de impostos e o n\u00e3o consumo de produtos ingleses. Embora usassem a viol\u00eancia na repress\u00e3o ao movimento nacionalista da \u00cdndia, os ingleses evitavam o confronto aberto. Em 1922 uma greve contra o aumento de impostos re\u00fane uma multid\u00e3o que queima um posto policial e Ganghi \u00e9 detido e condenado a seis anos de pris\u00e3o. Em 1924 \u00e9 libertado e em 1930 lidera a marcha para o mar, quando milhares de pessoas andam mais de 320 quil\u00f4metros, para protestar contra os impostos sobre o sal.<\/p>\n<p>As rivalidades que existiam entre hindus e mu\u00e7ulmanos, que tinham como representante Mohammed Ali Jinnah e que defendia a cria\u00e7\u00e3o de um Estado mu\u00e7ulmano, retardaram o processo de independ\u00eancia.<\/p>\n<p>Com o in\u00edcio da Segunda Guerra Mundial, Gandhi volta \u00e0 luta pela retirada imediata dos brit\u00e2nicos do seu pa\u00eds. Por fim em 1947 os ingleses concederam a independ\u00eancia da \u00cdndia, mantendo contudo seus interesses econ\u00f4micos. As divis\u00f5es internas levaram o governo a criar duas na\u00e7\u00f5es, a Uni\u00e3o Indiana, governada pelo primeiro ministro Nehru, e o Paquist\u00e3o de popula\u00e7\u00e3o mu\u00e7ulmana. A divis\u00e3o interna gerou violenta migra\u00e7\u00e3o de hindus e mu\u00e7ulmanos em dire\u00e7\u00e3o opostas da fronteira, que resultou em s\u00e9rios conflitos.<\/p>\n<p>Gandhi aceita a divis\u00e3o do pa\u00eds e atrai o \u00f3dio dos nacionalistas. Um ano ap\u00f3s conquistar a independ\u00eancia, foi morto a tiros por um hindu rebelde e suas cinzas foram jogadas no Rio Ganges, local sagrado para os hindus.<\/p>\n","protected":false},"excerpt":{"rendered":"<p>Mohandas Gandhi Mahatma Gandhi (1869-1948) foi l\u00edder pacifista indiano. Principal personalidade da independ\u00eancia da \u00cdndia, ent\u00e3o col\u00f4nia brit\u00e2nica. Ganhou destaque na luta contra os ingleses [&hellip;]<\/p>\n","protected":false},"author":1,"featured_media":0,"parent":16,"menu_order":0,"comment_status":"open","ping_status":"open","template":"template-full-width.php","meta":{"footnotes":""},"_links":{"self":[{"href":"http:\/\/portalroberiodeogum.com.br\/mc_2019\/index.php\/wp-json\/wp\/v2\/pages\/498"}],"collection":[{"href":"http:\/\/portalroberiodeogum.com.br\/mc_2019\/index.php\/wp-json\/wp\/v2\/pages"}],"about":[{"href":"http:\/\/portalroberiodeogum.com.br\/mc_2019\/index.php\/wp-json\/wp\/v2\/types\/page"}],"author":[{"embeddable":true,"href":"http:\/\/portalroberiodeogum.com.br\/mc_2019\/index.php\/wp-json\/wp\/v2\/users\/1"}],"replies":[{"embeddable":true,"href":"http:\/\/portalroberiodeogum.com.br\/mc_2019\/index.php\/wp-json\/wp\/v2\/comments?post=498"}],"version-history":[{"count":8,"href":"http:\/\/portalroberiodeogum.com.br\/mc_2019\/index.php\/wp-json\/wp\/v2\/pages\/498\/revisions"}],"predecessor-version":[{"id":501,"href":"http:\/\/portalroberiodeogum.com.br\/mc_2019\/index.php\/wp-json\/wp\/v2\/pages\/498\/revisions\/501"}],"up":[{"embeddable":true,"href":"http:\/\/portalroberiodeogum.com.br\/mc_2019\/index.php\/wp-json\/wp\/v2\/pages\/16"}],"wp:attachment":[{"href":"http:\/\/portalroberiodeogum.com.br\/mc_2019\/index.php\/wp-json\/wp\/v2\/media?parent=498"}],"curies":[{"name":"wp","href":"https:\/\/api.w.org\/{rel}","templated":true}]}}