{"id":4771,"date":"2013-03-31T02:06:35","date_gmt":"2013-03-31T02:06:35","guid":{"rendered":"http:\/\/portalroberiodeogum.com.br\/?page_id=4771"},"modified":"2013-03-31T02:09:50","modified_gmt":"2013-03-31T02:09:50","slug":"influencias-brasileiras","status":"publish","type":"page","link":"http:\/\/portalroberiodeogum.com.br\/mc_2019\/index.php\/home\/idolos\/influencias-brasileiras\/","title":{"rendered":"Influ\u00eancias brasileiras"},"content":{"rendered":"<h1>Influ\u00eancias brasileiras caracterizam a rotina dos moradores do Benin<\/h1>\n<h2>Heran\u00e7a nacional \u00e9 percebida sobretudo na religi\u00e3o e na gastronomia<\/h2>\n<div>\n<div><a href=\"http:\/\/redeglobo.globo.com\/acao\/noticia\/2013\/03\/influencias-brasileiras-caracterizam-rotina-dos-moradores-do-benin.html#\">imprimir<\/a><\/div>\n<\/div>\n<div id=\"materia-letra\">\n<div><img fetchpriority=\"high\" decoding=\"async\" class=\"alignleft\" title=\"Desfile ap\u00f3s a missa em celebra\u00e7\u00e3o ao Nosso Senhor do Bonfim no Benin (Foto: Divulga\u00e7\u00e3o \/ Milton Guran)\" alt=\"Desfile ap\u00f3s a missa em celebra\u00e7\u00e3o ao Nosso Senhor do Bonfim no Benin (Foto: Divulga\u00e7\u00e3o \/ Milton Guran)\" src=\"http:\/\/s2.glbimg.com\/pgJB6OcYY3oU2gbTIauLRnmijec=\/s.glbimg.com\/og\/rg\/f\/original\/2013\/03\/26\/009.agouda.porto_novo.benim.2010_606x455.jpg\" width=\"424\" height=\"319\" \/><strong>Desfile ap\u00f3s a missa em celebra\u00e7\u00e3o ao Nosso Senhor do Bonfim no Benin (Foto: Divulga\u00e7\u00e3o \/ Milton Guran)<\/strong><\/div>\n<div><strong>saiba mais<\/strong><\/div>\n<div><\/div>\n<div>Comidas como o acaraj\u00e9 e o inhame e ritmos como o frevo e o maracatu s\u00f3 fortalecem a teoria de que os povos africanos deixaram um significativo legado para a cultura brasileira. Mas ser\u00e1 que o efeito inverso tamb\u00e9m aconteceu?\u00a0Esta foi uma das perguntas respondidas no programa A\u00e7\u00e3o deste s\u00e1bado que apresentou a segunda parte do \u201cA\u00e7\u00e3o Especial A Cor da Cultura\u201d. O epis\u00f3dio mostrou mais hist\u00f3rias sobre o Benin, pa\u00eds africano com uma grande concentra\u00e7\u00e3o de agud\u00e1s (como s\u00e3o conhecidos nas l\u00ednguas locais os descendentes dos ex-escravos que retornaram do Brasil para a \u00c1frica).<\/div>\n<div><img decoding=\"async\" class=\"alignleft\" title=\"&quot;Fechuada&quot; \u00e0 moda beninense (Foto: Divulga\u00e7\u00e3o)\" alt=\"&quot;Fechuada&quot; \u00e0 moda beninense (Foto: Divulga\u00e7\u00e3o)\" src=\"http:\/\/s2.glbimg.com\/0Ey1MndtIGs6L7mE0I27sMYxZYs=\/s.glbimg.com\/og\/rg\/f\/original\/2013\/03\/26\/dsc_0659_291x218.jpg\" width=\"291\" height=\"218\" \/><strong>&#8216;Fechuada&#8217; \u00e0 moda beninense (Foto: Divulga\u00e7\u00e3o)<\/strong><\/div>\n<p>Na regi\u00e3o africana, a identidade brasileira \u00e9 vis\u00edvel em diversos segmentos, sobretudo, na culin\u00e1ria: com a feijoada, que antes de se transformar em uma iguaria nacional era um prato caracter\u00edstico da senzala; ou com o kosidou, a mandioca ou o milho que fazem parte da dieta local. A rela\u00e7\u00e3o cultural entre os dois pa\u00edses pode ser vista tamb\u00e9m nas festas populares, com a comemora\u00e7\u00e3o de Nosso Senhor do Bonfim; ou com o folguedo da burrinha, que segundo alguns estudiosos muito se parece com os<a href=\"http:\/\/redeglobo.globo.com\/globocidadania\/noticia\/2013\/02\/figura-do-boi-aparece-em-festas-populares-de-norte-sul-do-pais.html\" target=\"_blank\">\u00a0festejos de boi ainda muito tradicionais em algumas regi\u00f5es do Brasil.<\/a><\/p>\n<div><img decoding=\"async\" class=\"alignleft\" title=\"Estandarte da Irmandade Brasileira do Bom Jesus do Bonfim de Porto Novo (Foto: Divulga\u00e7\u00e3o \/ Milton Guran)\" alt=\"Estandarte da Irmandade Brasileira do Bom Jesus do Bonfim de Porto Novo (Foto: Divulga\u00e7\u00e3o \/ Milton Guran)\" src=\"http:\/\/s2.glbimg.com\/yoZPPbpZwMfs3GCD6aoYSKetr48=\/s.glbimg.com\/og\/rg\/f\/original\/2013\/03\/26\/008.porto_novo.celebracao_n_s_bonfim_2.2010_291x388.jpg\" width=\"291\" height=\"388\" \/><strong>Estandarte da Irmandade Brasileira do Bom Jesus<br \/>\ndo Bonfim de Porto-Novo (Foto: Milton Guran)<\/strong><\/div>\n<p>Segundo Milton Guran, antrop\u00f3logo e autor do livro \u201cAgud\u00e1s: os brasileiros do Benin\u201d, quando o antigo escravo retornava, embora ainda fosse um africano, seus la\u00e7os familiares e sociais j\u00e1 n\u00e3o mais existiam, tornando-o uma esp\u00e9cie de africano \u201cgen\u00e9rico\u201d. \u201cPara conseguir se inserir na sociedade local, os ex-escravos valorizaram sua &#8220;estada&#8221; no Brasil, \u00fanico ponto comum a todos eles, que tinham na verdade as mais diversas origens \u00e9tnicas. \u00c9 como se a escravatura fosse tomada como ponto de partida para uma nova vida, escolhida miticamente como a nova origem comum. A l\u00edngua portuguesa e a religi\u00e3o cat\u00f3lica eram utilizadas para compor a nova identidade coletiva, que \u00e9 na verdade a identidade dos brasileiros j\u00e1 estabelecidos na regi\u00e3o\u201d, ensina.<\/p>\n<p>Quando se trata de religiosidade, o antrop\u00f3logo destaca o sincretismo que h\u00e1 entre o Brasil e a \u00c1frica atrav\u00e9s dos rituais aos \u201cvodouns\u201d (orix\u00e1s por aqui) ou da festa do Nosso Senhor do Bonfim celebrada na capital do pa\u00eds. \u201cEm Porto-Novo, a festa come\u00e7a na v\u00e9spera da missa, com um verdadeiro desfile de carnaval, todo mundo fantasiado e duas grandes bandeiras brasileiras de abre-alas. Canta-se em um portugu\u00eas aproximativo, mas tamb\u00e9m em iorub\u00e1 (idioma local), sempre cantigas que reafirmam a origem brasileira da festa\u201d, explica.<\/p>\n<p><a href=\"http:\/\/redeglobo.globo.com\">Globo<\/p>\n<p><\/a><\/div>\n","protected":false},"excerpt":{"rendered":"<p>Influ\u00eancias brasileiras caracterizam a rotina dos moradores do Benin Heran\u00e7a nacional \u00e9 percebida sobretudo na religi\u00e3o e na gastronomia imprimir Desfile ap\u00f3s a missa em [&hellip;]<\/p>\n","protected":false},"author":1,"featured_media":0,"parent":8,"menu_order":0,"comment_status":"closed","ping_status":"closed","template":"","meta":{"footnotes":""},"_links":{"self":[{"href":"http:\/\/portalroberiodeogum.com.br\/mc_2019\/index.php\/wp-json\/wp\/v2\/pages\/4771"}],"collection":[{"href":"http:\/\/portalroberiodeogum.com.br\/mc_2019\/index.php\/wp-json\/wp\/v2\/pages"}],"about":[{"href":"http:\/\/portalroberiodeogum.com.br\/mc_2019\/index.php\/wp-json\/wp\/v2\/types\/page"}],"author":[{"embeddable":true,"href":"http:\/\/portalroberiodeogum.com.br\/mc_2019\/index.php\/wp-json\/wp\/v2\/users\/1"}],"replies":[{"embeddable":true,"href":"http:\/\/portalroberiodeogum.com.br\/mc_2019\/index.php\/wp-json\/wp\/v2\/comments?post=4771"}],"version-history":[{"count":3,"href":"http:\/\/portalroberiodeogum.com.br\/mc_2019\/index.php\/wp-json\/wp\/v2\/pages\/4771\/revisions"}],"predecessor-version":[{"id":4775,"href":"http:\/\/portalroberiodeogum.com.br\/mc_2019\/index.php\/wp-json\/wp\/v2\/pages\/4771\/revisions\/4775"}],"up":[{"embeddable":true,"href":"http:\/\/portalroberiodeogum.com.br\/mc_2019\/index.php\/wp-json\/wp\/v2\/pages\/8"}],"wp:attachment":[{"href":"http:\/\/portalroberiodeogum.com.br\/mc_2019\/index.php\/wp-json\/wp\/v2\/media?parent=4771"}],"curies":[{"name":"wp","href":"https:\/\/api.w.org\/{rel}","templated":true}]}}