{"id":1057,"date":"2012-09-04T14:33:50","date_gmt":"2012-09-04T14:33:50","guid":{"rendered":"http:\/\/portalroberiodeogum.com.br\/?page_id=1057"},"modified":"2012-09-12T16:14:27","modified_gmt":"2012-09-12T16:14:27","slug":"euripedes-barsanulfo","status":"publish","type":"page","link":"http:\/\/portalroberiodeogum.com.br\/mc_2019\/index.php\/home\/idolos-2\/euripedes-barsanulfo\/","title":{"rendered":"Euripedes Barsanulfo"},"content":{"rendered":"<p><strong><img fetchpriority=\"high\" decoding=\"async\" class=\"size-full wp-image-1130 alignleft\" title=\"euripedes_site\" src=\"http:\/\/portalroberiodeogum.com.br\/wp-content\/uploads\/2012\/09\/euripedes_site.png\" alt=\"\" width=\"300\" height=\"404\" \/><\/strong>Nascido em 1\u00ba de maio de 1880, na pequena cidade de Sacramento, Estado de Minas Gerais, e desencarnado na mesmo cidade, aos 38 anos de idade, em 1\u00ba de novembro de 1918.<\/p>\n<p>Logo cedo manifestou- se nele profunda intelig\u00eancia e senso de responsabilidade, acervo conquistado naturalmente nas experi\u00eancias de vidas pret\u00e9ritas.<\/p>\n<p>Era ainda bem mo\u00e7o, por\u00e9m muito estudioso e com tend\u00eancias para o ensino, por isso foi incumbido pelo seu mestre- escola de ensinar aos pr\u00f3prios companheiros de aula. Respeit\u00e1vel representante pol\u00edtico de sua comunidade, tornou-se secret\u00e1rio da Irmandade de S\u00e3o Vicente de Paula, tendo participado ativamente da funda\u00e7\u00e3o do jornal \u201cGazeta de Sacramento\u201d e do \u201cLiceu Sacramentano\u201d. Logo viu- se guindado \u00e0 posi\u00e7\u00e3o natural de l\u00edder, por sua segura orienta\u00e7\u00e3o quanto aos verdadeiros valores da vida.<\/p>\n<p>Atrav\u00e9s de informa\u00e7\u00f5es prestadas por um dos seus tios, tomou conhecimento da exist\u00eancia dos fen\u00f4menos esp\u00edritas e das obras da Codifica\u00e7\u00e3o Kardequiana. Diante dos fatos voltou totalmente suas atividades para a nova Doutrina, pesquisando por todos os meios e maneiras, at\u00e9 desfazer totalmente suas d\u00favidas.<\/p>\n<p>Despertado e convicto, converteu- se sem delongas e sem esmorecimentos, identificando-se plenamente com os novos ideais, numa atitude sincera e pr\u00f3pria de sua personalidade, procurou o vig\u00e1rio da Igreja matriz onde prestava sua colabora\u00e7\u00e3o, colocando \u00e0 disposi\u00e7\u00e3o do mesmo o cargo de secret\u00e1rio da Irmandade.<\/p>\n<p>Repercutiu estrondosamente tal acontecimento entre os habitantes da cidade e entre membros de sua pr\u00f3pria fam\u00edlia. Em poucos dias come\u00e7ou a sofrer as conseq\u00fc\u00eancias de sua atitude incompreendida.<\/p>\n<p>Persistiu lecionando e entre as mat\u00e9rias incluiu o ensino do Espiritismo, provocando rea\u00e7\u00e3o em muitas pessoas da cidade, sendo procurado pelos pais dos alunos, que chegaram a oferecer- lhe dinheiro para que voltasse atr\u00e1s quanto \u00e0 nova mat\u00e9ria e, ante sua recusa, os alunos foram retirados um a um.<\/p>\n<p>&nbsp;<\/p>\n","protected":false},"excerpt":{"rendered":"<p>Nascido em 1\u00ba de maio de 1880, na pequena cidade de Sacramento, Estado de Minas Gerais, e desencarnado na mesmo cidade, aos 38 anos de [&hellip;]<\/p>\n","protected":false},"author":1,"featured_media":0,"parent":16,"menu_order":0,"comment_status":"open","ping_status":"open","template":"template-full-width.php","meta":{"footnotes":""},"_links":{"self":[{"href":"http:\/\/portalroberiodeogum.com.br\/mc_2019\/index.php\/wp-json\/wp\/v2\/pages\/1057"}],"collection":[{"href":"http:\/\/portalroberiodeogum.com.br\/mc_2019\/index.php\/wp-json\/wp\/v2\/pages"}],"about":[{"href":"http:\/\/portalroberiodeogum.com.br\/mc_2019\/index.php\/wp-json\/wp\/v2\/types\/page"}],"author":[{"embeddable":true,"href":"http:\/\/portalroberiodeogum.com.br\/mc_2019\/index.php\/wp-json\/wp\/v2\/users\/1"}],"replies":[{"embeddable":true,"href":"http:\/\/portalroberiodeogum.com.br\/mc_2019\/index.php\/wp-json\/wp\/v2\/comments?post=1057"}],"version-history":[{"count":6,"href":"http:\/\/portalroberiodeogum.com.br\/mc_2019\/index.php\/wp-json\/wp\/v2\/pages\/1057\/revisions"}],"predecessor-version":[{"id":1131,"href":"http:\/\/portalroberiodeogum.com.br\/mc_2019\/index.php\/wp-json\/wp\/v2\/pages\/1057\/revisions\/1131"}],"up":[{"embeddable":true,"href":"http:\/\/portalroberiodeogum.com.br\/mc_2019\/index.php\/wp-json\/wp\/v2\/pages\/16"}],"wp:attachment":[{"href":"http:\/\/portalroberiodeogum.com.br\/mc_2019\/index.php\/wp-json\/wp\/v2\/media?parent=1057"}],"curies":[{"name":"wp","href":"https:\/\/api.w.org\/{rel}","templated":true}]}}